en 264635 is divided by 113.
102
Calculate the remainder when 256224 is divided by 4058.
570
What is the remainder when 23258002 is divided by 1938164?
34
What is the remainder when 56649 is divided by 26237?
4175
What is the remainder when 130736 is divided by 292?
212
What is the remainder when 47514277 is divided by 11878552?
69
What is the remainder when 53883052 is divided by 50?
2
What is the remainder when 6792961 is divided by 6?
1
Calculate the remainder when 227574122 is divided by 39.
35
Calculate the remainder when 58207 is divided by 17426.
5929
Calculate the remainder when 10630924 is divided by 616.
612
Calculate the remainder when 16466518 is divided by 929.
922
Calculate the remainder when 43659 is divided by 42616.
1043
Calculate the remainder when 150346 is divided by 50109.
19
What is the remainder when 5750938 is divided by 498?
34
What is the remainder when 4755161 is divided by 114?
107
Calculate the remainder when 43975214 is divided by 3.
2
Calculate the remainder when 145648 is divided by 4388.
844
What is the remainder when 76894 is divided by 374?
224
What is the remainder when 96858 is divided by 643?
408
Calculate the remainder when 13823494 is divided by 1151954.
46
Calculate the remainder when 206277 is divided by 3382.
3357
Calculate the remainder when 10823866 is divided by 257711.
4
Calculate the remainder when 620993 is divided by 2051.
1591
What is the remainder when 2749871 is divided by 392837?
12
What is the remainder when 124973320 is divided by 6525?
6520
Calculate the remainder when 407544 is divided by 175.
144
Calculate the remainder when 69319200 is divided by 133.
132
Calculate the remainder when 395013 is divided by 2272.
1957
Calculate the remainder when 120505 is divided by 2879.
2466
What is the remainder when 2709817 is divided by 1354744?
329
What is the remainder when 4543241 is divided by 113580?
41
Calculate the remainder when 97756 is divided by 19051.
2501
What is the remainder when 3509741 is divided by 87?
74
What is the remainder when 906867 is divided by 300?
267
What is the remainder when 1578884 is divided by 1578859?
25
Calculate the remainder when 43496273 is divided by 19.
10
What is the remainder when 37421604 is divided by 132?
0
Calculate the remainder when 553948 is divided by 12876.
280
Calculate the remainder when 2436827 is divided by 276.
23
What is the remainder when 190856 is divided by 17349?
17
What is the remainder when 49030 is divided by 15911?
1297
Calculate the remainder when 19267279 is divided by 326564.
3
What is the remainder when 270578 is divided by 239?
30
Calculate the remainder when 4057819 is divided by 661.
601
Calculate the remainder when 48698596 is divided by 308.
100
What is the remainder when 97814585 is divided by 4252808?
1
Calculate the remainder when 811636 is divided by 8834.
7742
What is the remainder when 223921 is divided by 220736?
3185
Calculate the remainder when 40465 is divided by 476.
5
Calculate the remainder when 143711 is divided by 11052.
35
What is the remainder when 349098 is divided by 2030?
1968
Calculate the remainder when 977543 is divided by 4700.
4643
What is the remainder when 39312222 is divided by 1187?
1156
Calculate the remainder when 46489 is divided by 139.
63
Calculate the remainder when 3021544 is divided by 9184.
8
Calculate the remainder when 64388722 is divided by 1703.
1698
Calculate the remainder when 1846033 is divided by 6133.
0
What is the remainder when 585255 is divided by 777?
174
What is the remainder when 977448 is divided by 6560?
8
What is the remainder when 68431 is divided by 21?
13
Calculate the remainder when 120336 is divided by 404.
348
Calculate the remainder when 53135398 is divided by 193.
182
What is the remainder when 11595529 is divided by 289888?
9
What is the remainder when 14404 is divided by 2426?
2274
Calculate the remainder when 10104614 is divided by 952.
86
Calculate the remainder when 41599269 is divided by 305.
14
What is the remainder when 127466 is divided by 223?
133
What is the remainder when 219519 is divided by 31350?
69
What is the remainder when 297213 is divided by 74302?
5
What is the remainder when 1017927726 is divided by 189?
186
What is the remainder when 99177 is divided by 97895?
1282
What is the remainder when 128795 is divided by 15902?
1579
Calculate the remainder when 10303527 is divided by 445.
442
What is the remainder when 524481 is divided by 1772?
1741
Calculate the remainder when 2210103 is divided by 2199.
108
What is the remainder when 40293 is divided by 2671?
228
What is the remainder when 13784399 is divided by 20?
19
What is the remainder when 571870 is divided by 267?
223
What is the remainder when 103654496 is divided by 51827237?
22
Calculate the remainder when 68782 is divided by 1601.
1540
Calculate the remainder when 523072 is divided by 174356.
4
Calculate the remainder when 30920 is divided by 844.
536
Calculate the remainder when 1179707 is divided by 65539.
5
Calculate the remainder when 157109 is divided by 4757.
128
Calculate the remainder when 313495 is divided by 158.
23
What is the remainder when 2584384 is divided by 935?
44
What is the remainder when 7882567 is divided by 70?
7
What is the remainder when 447809 is divided by 1922?
1905
Calculate the remainder when 10863 is divided by 145.
133
Calculate the remainder when 7429785 is divided by 2882.
2871
What is the remainder when 179874 is divided by 17756?
2314
Calculate the remainder when 869642827 is divided by 485.
482
What is the remainder when 10541416 is divided by 3355?
6
Calculate the remainder when 204238 is divided by 15675.
463
Calculate the remainder when 1210622 is divided by 14945.
77
Calculate the remainder when 1098086 is divided by 374.
22
Calculate the remainder when 19310 is divided by 69.
59
What is the remainder when 3560415 is divided by 3440?
15
Calculate the remainder when 60952 is divided by 19013.
3913
What is the remainder when 1621305 is divided by 39?
36
Calculate the remainder when 16471608 is divided by 16471580.
28
What is the remainder when 21614265 is divided by 3087744?
57
What is the remainder when 14437507 is divided by 532?
91
What is the remainder when 40568 is divided by 7298?
4078
What is the remainder when 558186 is divided by 592?
522
Calculate the remainder when 187916 is divided by 46934.
180
Calculate the remainder when 1214458 is divided by 2331.
7
Calculate the remainder when 2156486 is divided by 90.
86
Calculate the remainder when 25748697 is divided by 2340789.
18
Calculate the remainder when 73215 is divided by 394.
325
Calculate the remainder when 104870250 is divided by 41.
40
Calculate the remainder when 22947 is divided by 2505.
402
What is the remainder when 190888 is divided by 495?
313
Calculate the remainder when 37149669 is divided by 501.
18
Calculate the remainder when 2535398 is divided by 25.
23
Calculate the remainder when 959130 is divided by 1155.
480
What is the remainder when 86908 is divided by 746?
372
What is the remainder when 5964304 is divided by 119279?
354
Calculate the remainder when 28860646 is divided by 568.
566
Calculate the remainder when 21673963 is divided by 118.
77
Calculate the remainder when 264271 is divided by 1861.
9
What is the remainder when 3670220 is divided by 3248?
3228
What is the remainder when 131508470 is divided by 1133?
27
Calculate the remainder when 200233 is divided by 19635.
3883
Calculate the remainder when 163151 is divided by 1122.
461
What is the remainder when 2141324 is divided by 8332?
0
What is the remainder when 169339 is divided by 16889?
449
Calculate the remainder when 517053 is divided by 187.
185
What is the remainder when 227113 is divided by 20623?
260
What is the remainder when 719087 is divided by 478?
175
What is the remainder when 1539390 is divided by 292?
258
What is the remainder when 663825 is divided by 150?
75
What is the remainder when 35876353 is divided by 92227?
50
What is the remainder when 98738692 is divided by 24684673?
0
What is the remainder when 6262799 is divided by 1183?
1180
What is the remainder when 255168 is divided by 18216?
144
Calculate the remainder when 227626 is divided by 37852.
514
What is the remainder when 42678